3*i + 49. Suppose 15*j + 13 = 14*j. Let l be b(j). Calculate g(l).
-2
Let t(s) = -3*s + 38. Let k be t(15). Let o(c) = 7*c**2 - 10*c + 2*c**3 - c**3 + c - 9 + 7*c. What is o(k)?
5
Let l be 116/(-8)*(-4 - -6). Let r = -33 - l. Let q(h) = -h. Let a(z) = 6*z + 6. Let n(u) = a(u) + 3*q(u). What is n(r)?
-6
Let c(j) = 0*j + 2*j - 6 - 4*j. Let k = 126 + -158. Let y be (-20)/2 + k/(-4) + -4. Give c(y).
6
Let q(u) be the first derivative of -u**5/120 + u**4/4 + 7*u**3/3 - 12. Let z(k) be the third derivative of q(k). Let l be -1 + (-2)/(-4)*2. What is z(l)?
6
Let y(n) be the third derivative of n**8/20160 + n**7/630 - n**6/90 - 13*n**5/60 + 15*n**2. Let f(v) be the third derivative of y(v). What is f(-9)?
1
Let w(m) = m + 3. Let c(v) = -v**3 + v**2 + 2*v + 2. Let i be c(0). Suppose 43 = -4*n - 3*d, 2*n - 3*d + i = 3. Calculate w(n).
-4
Let x(t) = t**3 - 4*t**2 + 3. Let q = -82 - -56. Let h = q - -29. What is x(h)?
-6
Let t(d) be the first derivative of -d**3/3 - 9*d**2/2 - 6*d - 287. Give t(-9).
-6
Let k(y) = y**3 - 63570 + y + 63572 - 2*y**2 - 7*y. Suppose 4*h - 5*h + 4 = 0. Give k(h).
10
Let r(o) be the third derivative of 5*o**4/24 + o**3/3 - 81*o**2 - 3. Determine r(-5).
-23
Let p = 185 - 180. Let k(b) = b**2 - 5*b + 9. Give k(p).
9
Let a(s) = 3*s. Let h be a(-1). Let c be 1 - (-3 - (-4 - h)). Suppose l = 5*f - 2 - 15, c*f = 4*l + 17. Let u(r) = 2*r**2 - 2*r. Determine u(f).
12
Let z(c) = -c**3 + 7*c**2 - 2*c + 7. Let b be (6/(-18))/((-3)/(-45)). Let s = b - -9. Suppose s*g + k - 8 = 6*k, 0 = 5*g - k - 31. Determine z(g).
-7
Let t(w) = -w**2 + 4*w + 4. Let q be t(-4). Let s be 16/(-6)*21/q. Let b(y) = -4*y - y**s + 2 - 5 + 0. Give b(-4).
-3
Suppose 0 = 919*c - 914*c - 40. Let p(f) = f**3 - 9*f**2 + 9*f - 6. Determine p(c).
2
Suppose -2*s - 1244 = -1248. Let x(r) = -2*r**2 + 2*r + 1. Calculate x(s).
-3
Let t(d) = 2*d + 12. Suppose 13 = -2*q - 7. Determine t(q).
-8
Let v = 1 + 1. Let s be v/7 - 2/7. Let t(q) = s + 4 - 2 - 2*q**2 - q + q**3. Calculate t(2).
0
Let i = -145 + 142. Let m(r) = 3*r**2 - 13*r - 5. Let n(s) = -2*s**2 + 7*s + 3. Let p(x) = i*m(x) - 5*n(x). Determine p(-5).
5
Let y(k) = k**2 - 5*k + 7. Let q(a) = 4*a**2 - 18*a + 22. Let p(u) = -2*q(u) + 7*y(u). Calculate p(4).
-7
Let d(y) = -y**3 - 8*y**2 - 13*y - 3. Let p be d(-6). Let u(l) = p - 74*l + 76*l - 13. What is u(8)?
6
Let m(q) = 9*q + 7 + 3*q + q**3 - 13*q + 4*q**2 - 2*q**3 + 7*q. Let o(g) = -3*g - 4. Let n be o(-3). Calculate m(n).
12
Suppose 0 = 3*g + g + 2*o - 12, o + 4 = 3*g. Let u(t) = 2*t - 2*t - t + g*t. What is u(1)?
1
Let j(l) be the second derivative of -l**5/120 + l**4/12 - 5*l**3/6 + 8*l. Let k(w) be the second derivative of j(w). Let o = 2 + -2. What is k(o)?
2
Let f(y) = y**2 - 12*y + 4. Suppose -15*v - 40 = -20*v. Calculate f(v).
-28
Let v(l) be the first derivative of l**4/4 + l**2/2 - 3*l - 174. Suppose 0 = n + 2, 2*w - 6*w + 2 = 5*n. Suppose 6*f = w*f. Determine v(f).
-3
Let y(s) = -114*s - 7*s**2 + 108*s + 4 - 3 - s**3. What is y(-5)?
-19
Let x(j) = j**3 - 8 + 5*j**2 - 18*j + 7*j + 6*j. Give x(-6).
-14
Suppose -11*k + 76 - 32 = 0. Let p(z) = 4*z - 2. Calculate p(k).
14
Let k(q) be the second derivative of -q**5/20 + q**4/6 - 3*q**2/2 - 129*q. Determine k(-3).
42
Suppose 0 = 8*l + 7*l + 90. Let r(k) = -k - 15. Give r(l).
-9
Let z = -69 + 79. Let v(k) = -13 + z + 3*k - 5*k + k. Let m be 4/26 - (-67)/(-13). What is v(m)?
2
Let d(o) = -o + 13. Suppose 3*l + 33 = 12. Give d(l).
20
Suppose 2*l + 2 = o + 3, 2*l - 31 = -5*o. Let s(c) = -3*c + 1. What is s(l)?
-8
Let f be 934/14 - 5/(-70)*4. Let i = f - 61. Let t(o) = -o**2 + 5*o + 8. Calculate t(i).
2
Let d(x) = -5*x**2 - x**3 + 0*x**2 + 15*x + 3 + 6 + 1 + 0*x**2. Calculate d(-7).
3
Let u(i) = -i**3 + 2*i**2 + 2. Let t be (7 - 1)*(-3 - (-42)/12). Suppose 2 + 4 = t*d. Determine u(d).
2
Suppose -5*g - 3*y = -75 + 26, y - 35 = -4*g. Let f(o) = o**3 - 8*o**2 + o - 6. Let q be f(g). Let p(u) = -4 - 3*u + 0*u**2 - 2 - u**q + 4. Determine p(-3).
-2
Let n(b) be the second derivative of -7/6*b**3 - 4*b + 0 - 1/20*b**5 - 7/12*b**4 - 4*b**2. Suppose 2 = s + 2*p, -34 = 3*s - 3*p - p. Calculate n(s).
-2
Let v(i) = -i**3 + 8*i**2 - 13*i - 3. Let p be v(2). Let m(x) = -x + 4. Calculate m(p).
9
Let o(p) = -p**3 + 8*p**2 + p - 8. Let s be o(8). Let y(c) = -c**2 - 8. Determine y(s).
-8
Suppose -4*o = -3*u - 10, u + 3 = -0*o + o. Let h = 3 + o. Let s(b) = -1 + 7*b**2 + 6*b - 1 + 5*b**2 - 13*b**2. What is s(h)?
6
Let m(p) = 13*p + 8*p + 10*p - 29*p - 1. Let h(x) = -8*x**3 + x**2 + 2*x + 1. Let q be h(-1). Calculate m(q).
15
Let z(i) = 13*i**2 - 13*i - 14. Let v be z(-1). Let u(r) = r**3 - 12*r**2 - 2. Determine u(v).
-2
Let u(a) = 3*a**2 - 26*a - 9. Let m(i) = -i**2 + 11*i + 4. Let l(r) = -5*m(r) - 2*u(r). What is l(-4)?
-6
Let n(g) be the third derivative of -g**7/1260 - g**6/360 + g**5/120 + 7*g**4/8 + g**2. Let k(s) be the second derivative of n(s). What is k(1)?
-3
Let r be (-420)/26 + 4/26. Let v = r - -18. Let x(t) = 2*t + v - 5 - 4. Determine x(-5).
-17
Let y(w) = 48*w**3 - 5*w**2 + 43*w**3 + 39*w**3 - 129*w**3 + 7. Let q be 66/14 - 2/(-7). Give y(q).
7
Suppose -a + 6*a + 30 = 0. Let i be (-2)/(-1) - 0/3. Let m(l) = 1. Let t(h) = h**2 + 3*h - 6. Let w(q) = i*m(q) + t(q). Give w(a).
14
Let a(m) = m**3 - 5*m**2 - 2*m - 3. Suppose 4*z + z + 5*j = 0, 0 = -z + 2*j + 9. Determine a(z).
-27
Let w be (124/186)/(1/6) + -2. Let h(c) be the second derivative of c**w - 1/20*c**5 - 1/4*c**4 - 11*c + 1/3*c**3 + 0. What is h(-4)?
10
Let a(z) = -2*z**2 - 4*z. Let f be a(-3). Let i(r) = 5*r + 5. Let b(n) = -12 + 6*n + 23 + 5*n. Let j(l) = f*b(l) + 13*i(l). Calculate j(4).
-5
Let p be (-136)/(-170)*(27/(-6) - -2). Let v(f) = -5*f**3 - 3*f**2 - 2*f - 2. Determine v(p).
30
Suppose -3 - 48 = 3*i. Let j(w) = w**3 + 18*w**2 + 18*w + 11. Let b be j(i). Let x(t) = t**3 + 7*t**2 + 6*t - 1. What is x(b)?
-1
Let x(w) = -2*w**3 + 3*w**2 + 9*w - 1. Let d(l) = l**2 - 11*l - 23. Let t be d(-2). Give x(t).
-1
Suppose -9*f + 10 = -7*f. Suppose 0*m = -5*m + f. Let l(h) = 3*h**2 + 2*h - 2. Let t(a) = -12*a**2 - 9*a + 9. Let p(z) = -18*l(z) - 4*t(z). What is p(m)?
-6
Let u(t) = 6 - t - 6. Let m = -1226 + 1234. Determine u(m).
-8
Let s = -127 - -131. Let i(d) = -26*d**3 + 8*d**2 + 14*d - 14. Let t(h) = -9*h**3 + 3*h**2 + 5*h - 5. Let v(y) = s*i(y) - 11*t(y). Give v(1).
-6
Let z(y) = y**2 + 3*y + 3. Suppose 2*k - 10 + 0 = 2*b, -11 = 4*b + 5*k. Determine z(b).
7
Suppose -2*s - 2*w + w + 8 = 0, -4*w = -s - 14. Let q(k) = 7*k - s - 2*k**2 + k**2 - 4*k + 2*k**2. Determine q(-5).
8
Let f(c) = -c**2 - 2*c + 4. Let h be 10 + -9 + -1 + 10. Let r be (-9)/(45/h) - -8. Suppose 3 + r = -3*n. Calculate f(n).
1
Suppose 2*n - 6*n = -52. Suppose -10*p + n*p = 18. Let r(g) = 0*g + p + g**3 + 3 + g + 6*g**2 - 3. Determine r(-6).
0
Let c be (14 + 1/(-1))*1. Let m = c + -10. Let j(v) = -v + 2 - 3*v**2 + m*v - v**3 - 4*v. Determine j(-2).
2
Let y = 441 + -445. Let l(p) = p**2 + 2*p + 4. Calculate l(y).
12
Suppose -2*r = 3*r. Let u(s) = -4 + 2 + r - 3 + 3*s. Suppose -4*l - 8 + 44 = 4*f, -8 = 3*f - 4*l. Calculate u(f).
7
Let y(h) = 2*h - 7. Let f be (-2)/4*0/(16/4). Let t be -5 - -1 - (-11 - (f + -1)). Calculate y(t).
5
Let x(p) = 3*p - 10. Let l(a) = 2*a + 1. Let z(y) = -4*l(y) + x(y). Determine z(-4).
6
Suppose -2*s + s = -3*s. Suppose 20*p - 24*p + 24 = s. Let i(r) = -3*r**2 - 3*r**2 + 2*r + 6 + r**3 - 4*r. Calculate i(p).
-6
Let c(i) = -i + 6. Let q(d) = -d + 1. Let n be q(-3). Let z be c(n). Let p(x) = -3*x + 4*x**3 - 5*x**3 - 1 + x**2 + 5*x. Determine p(z).
-1
Let t(a) = 1 + 6*a**2 + 2 - 2*a - 3 + 2. What is t(1)?
6
Let r(b) = -54*b**2 + 2*b - 52*b**2 + 2 + 104*b**2. Suppose 1 = -o + 3. What is r(o)?
-2
Let n(t) = 3*t**2 + 6*t - 4. Let c(h) be the first derivative of -7*h**3/3 - 13*h**2/2 + 9*h - 11. Let f(s) = 2*c(s) + 5*n(s). Calculate f(-4).
-2
Let x(d) be the second derivative of -3*d**5/10 + d**3/6 - 2*d + 27. What is x(-1)?
5
Let b(o) be the first derivative of -3*o**2/2 + 2*o - 67. Let j be -3 - 10*(-3)/6. Determine b(j).
-4
Let i(s) be the third derivative of 2*s**2 + 4/3*s**3 + 1/60*s**5 + 0 + 0*s - 1/4*s**4. Give i(6).
8
Suppose 2*s - 6*s + 192 = 0. Let n = 52 - s. Let h(x) = x**3 - 5*x**2 + 4*x - 3. Calculate h(n).
-3
Let b(a) be the first derivative of 0*a**3 + 8 + 0*a 